6*j = i*u - 15, -21 = -j + 3*u. Is j/4 + 2078/4 a composite number?
False
Suppose -16*h - 255476 = -1998052. Is h a prime number?
False
Is (-9655515)/(-209) + (-104)/(-286) a prime number?
True
Suppose -115898 = -26*k + 766256. Suppose 4*b - k = p, -14727 - 27691 = -5*b - p. Is b a composite number?
True
Suppose -142*b = -151*b + 36. Suppose 2*w - 12462 = -b*p + 5*p, 2*w - 12438 = -5*p. Is w prime?
True
Is (1 - (-2 - (1 + 132810))) + (-75 - -78) composite?
False
Let h be 5/((-40)/13)*6*8. Let l = h - -128. Suppose -l*d + 6152 = -42*d. Is d prime?
True
Let a(u) = u**2 - u - 2. Suppose -6 = 2*d - 10. Let r be a(d). Suppose m - 1326 + 487 = r. Is m a composite number?
False
Suppose -3*z = -8*z + 10. Suppose -3*q + 4*x = -2 + 7, 2*x = 2*q. Suppose q*d = -2*o + 91, 5*d + z*o - 89 = -o. Is d a composite number?
False
Suppose -3*p = -122 + 710. Let q = p + -105. Let z = q - -424. Is z a prime number?
False
Let d be 0/(-1 - 4/2). Suppose d*i + 6*i = -4212. Let l = i + 1420. Is l a prime number?
False
Suppose 5*p = g + 1559709, 263*g - 311949 = -p + 265*g. Is p a composite number?
True
Let u be ((-1121043)/(-8))/7 + (-33)/(-88). Let d = -13398 + u. Is d a prime number?
False
Let k(n) = 54*n**2 - 2*n + 345. Is k(-28) prime?
True
Is 1551/55*(-20220)/(-36) prime?
False
Let v be 1/(-3)*(-8 - (-8 + 6)). Is (1/v)/(48/172704) a composite number?
True
Suppose -2*a + 2*d = -54067 - 39527, 3*a = -d + 140415. Is a composite?
True
Suppose -73*p + 57*p + 976 = 0. Suppose -p*m + 63*m - 16162 = 0. Is m composite?
False
Let v = 214613 - -840570. Is v prime?
False
Is (-4 - -7)*(-36289)/(-3) composite?
True
Suppose -27*u + 5721207 = 60*u. Is u composite?
False
Let z(w) = 322*w**3 + 52*w**2 + 6*w - 33. Is z(9) a composite number?
True
Let i be (2 - (0 - -2))/(-7 + 9). Suppose 2*g - 4*b + 9*b - 23 = i, 0 = 4*g + 3*b - 25. Suppose 11334 = g*t + 2*t. Is t a composite number?
False
Let z(m) = 1900*m - 20. Let j be z(8). Suppose -6*a = -3*a + j. Is (-1 + (-2)/(-4))/(10/a) composite?
True
Let f(i) = -474*i - 142. Let h(q) = 158*q + 47. Let l(k) = 6*f(k) + 17*h(k). Is l(-9) a composite number?
True
Let f = 936 + -792. Suppose -149*n + f*n = -114265. Is n prime?
True
Let x(w) be the second derivative of -121*w**3/2 - 73*w**2 + 9*w + 3. Is x(-31) composite?
True
Let q be 1 + -559 - ((10 - 4) + -7). Let c = q - -825. Suppose 0 = 5*x - c + 103. Is x a composite number?
True
Let w(h) = -h**2 + 25*h - 32. Let n be w(24). Let j(l) = -3861*l + 13. Is j(n) a composite number?
True
Let x be (58/(-8))/((-560755)/(-93460) + -6). Suppose -2*y = 3*y + 2*u - x, -4*y + 108411 = -u. Is y a composite number?
False
Suppose -29*f - 38*f = 20*f - 870. Let u(g) = 539*g**3 + 3*g - 2. Let d be u(2). Is d/6 + (f/6)/(-5) prime?
True
Suppose -3 = 4*b - 3*h, 0 = -5*h + 23 + 2. Suppose -b*x = -23*x + 36020. Is x a prime number?
True
Let m(b) = 17*b - 77. Let g be m(10). Let x = -78 + g. Is (-4)/((-12)/x) - -734 a composite number?
False
Let x = -239 + 2280. Is x a prime number?
False
Let f = -177 - -159. Is (-11181)/(-2) - ((-189)/f - 11) a prime number?
True
Is 2/(-1)*(21328/(-32) - 14) prime?
True
Let p be (-132)/(-69) + (-2)/(-23). Suppose p*d - 6*d = k - 2323, 4*d - 16 = 0. Is k prime?
False
Let g(z) = -354*z**3 - 5*z**2 + 17*z + 12. Let v(w) = 176*w**3 + 3*w**2 - 9*w - 7. Let r(p) = -6*g(p) - 11*v(p). Is r(3) prime?
False
Let v(w) = 11*w**2 + 12*w - 34. Let l(d) = -d + 1. Let i be -2 - 0 - 4*5/(-20). Let s(u) = i*l(u) + v(u). Is s(-18) prime?
False
Is (21760/75)/((-6)/(-60)) - 3/9 a prime number?
False
Let d be (-3)/(-6)*1*(-1 + 1). Suppose d = 9*q - 8*q - 17. Suppose -q*x + 18*x = 307. Is x prime?
True
Is 0 - -92471 - (54 + -50) prime?
True
Let c = -322 + 325. Let p(f) = 378*f**2 + 4*f - 1. Is p(c) a composite number?
False
Let r(s) = 88617*s + 1888. Is r(5) prime?
False
Suppose -13 = 2*k + y - 4*y, y = -3*k - 3. Is (40852/(-56))/(k/4) prime?
True
Let k = 469 - 461. Suppose 0 = -25*z + k*z + 5559. Is z prime?
False
Let a = -8 - -4. Let i be -18*a/(-6) + -3. Let u(s) = s**3 + 17*s**2 + 10*s + 7. Is u(i) a composite number?
False
Let h be 2/8*72/27*29139. Let m = h - 2259. Is m composite?
False
Let r(p) = -p**3 + 30*p**2 + 29*p - 43. Suppose -h + 15 = q + h, 0 = -3*q + 2*h + 77. Is r(q) composite?
False
Let s = -284 + 287. Suppose 14*n = 11*n - 12, s*a - 4*n = 2089. Is a prime?
True
Is 46386 - ((-182)/(-14) + -8) prime?
True
Let s(j) = 72*j - 45. Let l be s(-17). Let h = l + 2156. Is 3 + h + 1 + 3 + -7 a prime number?
True
Let y(g) = g**3 - 3*g**2 - 5*g - 1. Suppose -c - 5*s - 1 = 0, 3*c = 4*s + 9 + 7. Let j be y(c). Is 23436/45 - 1/j a composite number?
False
Let b = 47598 - 27125. Is b a prime number?
False
Let a be 56/140 - (526856/(-5))/2. Suppose 0 = -2*c + 20*c - a. Is c a composite number?
False
Suppose -57*c + 54058 = -138545. Is c a composite number?
True
Let j(i) = i**2 + 12*i + 46. Let g be j(-9). Suppose g*t - 104366 + 33135 = 0. Is t prime?
False
Suppose -4*f + 12696 = -o, -3*f - 7*o = -2*o - 9522. Is f/(-23)*10/(-4) + 2 prime?
True
Suppose 13*u = 729562 - 156370 + 770839. Is u a composite number?
False
Let c be (2 + 0)/(-2) + -25. Let f = c + 32. Let a(n) = n**3 + 5*n**2 + 4*n - 1. Is a(f) prime?
True
Let c(h) be the second derivative of 7*h**5/20 + 5*h**4/4 + h**3/3 + 25*h**2/2 - 36*h. Let o be c(13). Suppose 17450 = 9*y - o. Is y a composite number?
True
Suppose 2*a - 4*h - 104 = 0, 0 = a - 3*h + 8*h - 24. Is (-19294)/a*(0 + 0 - 2) a prime number?
True
Suppose 10 = -5*t, 4*k = 2*k - 5*t. Suppose 2*c = 0, 4*w - k*c = w + 15. Suppose o = -w*a + 927, -o + 5*a + 564 + 323 = 0. Is o a prime number?
True
Let c be (4 + 0 - 2)*-1. Let x(m) = -2*m**3 - 4*m**2 - 4*m - 3. Let p be x(c). Suppose -p*a - 132 = -1297. Is a a prime number?
True
Suppose 0 = -133*x + 138*x + 120. Is (-119560)/x + (-1)/(-3) + -1 a prime number?
False
Suppose 138 = -8*p + 170. Suppose -p*h + c + 2522 = 0, 1 = -3*c + 7. Is h prime?
True
Suppose -y + 5*c = -456861, -6*c = 5*y - 1712108 - 572259. Is y a composite number?
False
Let m be 6/((-36)/33) + (-2)/(-4). Let t = m + 4. Is 138 + 0 - (4/t - -1) prime?
False
Let o = -5075 - -2843. Let f = 10245 + -6632. Let c = o + f. Is c prime?
True
Let j = -37 + -65. Let k = -102 - j. Suppose -65 + k = -z. Is z composite?
True
Let h = -155478 + 327235. Is h composite?
False
Let m(z) = z + 19. Let r be m(9). Suppose r*b = 24*b. Suppose 0 = 2*p + q - b*q - 5412, q = -3*p + 8117. Is p a prime number?
False
Let w be (-39)/91 + (-1918482)/(-14). Suppose 19218 = -24*o + w. Is o a prime number?
True
Let f(p) = -1462*p**2 - 4. Let u be f(-2). Let g = u - -9445. Is g composite?
False
Suppose 2*z + 17 = 3*j - 364, 5*j - 391 = 2*z. Is (-2 - 7303*7)*61/z a composite number?
False
Suppose 2*l = 10, 4*q - 59 = q - 4*l. Suppose 3*a - 1 = -q. Is (12/a + -256)*-1 prime?
False
Let c(f) = -317*f + 60. Let l(j) = j + 3. Let s(d) = c(d) - 3*l(d). Is s(-2) prime?
True
Suppose -5*h + 64 = 34. Suppose -h*i + 4*i + 508 = 5*m, -4*m = 5*i - 403. Let b = 169 - m. Is b a prime number?
True
Suppose -8*c - 56 = -16*c. Let j(o) = 28*o**3 - 4*o**2 + 13*o - 38. Is j(c) a composite number?
False
Let l(s) = 491*s + 130*s + 74 - 68. Let j be l(1). Suppose -3*y = -3*x + j, 0*y - 4 = y. Is x composite?
True
Suppose 3*b - 8*g - 182158 = -7*g, 3*b - 3*g - 182148 = 0. Is b a composite number?
True
Let g(d) = -3*d**2 + 3*d - 15. Let p be g(6). Let j be 4/(40/p)*-58. Let x = j + 448. Is x a composite number?
True
Let n = -182215 - -292022. Is n a prime number?
True
Suppose 0 = -5*k + 191 - 21. Suppose 8*f = 11*f - 1167. Suppose -5*s - k = -f. Is s composite?
False
Suppose 0 = w - 2*v + 3*v + 12, 5*w - 2*v = -74. Let h = -11 - w. Suppose h*x = 5*x - 286. Is x composite?
True
Let i = -574 - -576. Suppose -i*b + 22541 = -0*b - 3*k, 22581 = 2*b + 5*k. Is b prime?
False
Let z(r) = -1317839*r - 190. Is z(-3) prime?
False
Suppose 7*n - 1202537 + 383040 = 0. Is n a prime number?
True
Let u(x) = 4*x**2 - 126*x - 1511. Is u(-83) a composite number?
True
Is (-48)/(-6 - -12) + 38968 + -7 prime?
True
Suppose -4*w + 40 = 4*u, 2*w = 2*u + u + 30. Is (w/24)/(2 + 1190/(-596)) a composite number?
False
Let k(p) = 153*p + 1. Suppose 2*o = 7*d - 3*d + 36, 0 = -3*o + 4*d + 48. Is k(o) prime?
False
Let i = 389557 - 223974. Is i prime?
False
Let 